lculate w(59).
276
Let v(p) = p**2 + 295*p + 16522. Determine v(-75).
22
Let r(b) = -b**3 + 3*b**2 + 78*b + 9. Determine r(11).
-101
Let c(t) = -t**3 + 58*t**2 + 391*t - 444. What is c(64)?
4
Let p(k) = k**2 + 31*k + 233. What is p(-15)?
-7
Let g(j) = -j**2 + 28*j - 118. Calculate g(23).
-3
Let u(g) = -g**3 + 19*g**2 - 93*g + 7. Determine u(9).
-20
Let n(c) = -4252*c + 85019. Give n(20).
-21
Let q(h) = -48*h - 2. Give q(3).
-146
Let i(h) = 2*h**2 - 16*h + 73. Calculate i(11).
139
Let q(s) = s**3 + s**2 - 13*s. Give q(5).
85
Let n(i) = 911*i - 3649. Determine n(4).
-5
Let q(u) = 23*u**2 + 223*u - 53. What is q(-10)?
17
Let a(m) = 187*m - 4490. What is a(24)?
-2
Let l(r) = r**3 - 211*r**2 - 1722*r + 5. Determine l(-8).
-235
Let c(q) = 2*q**2 - 108*q - 603. Give c(59).
-13
Let q(u) = 18*u**3 + 3*u**2 - 26*u - 47. What is q(-2)?
-127
Let v(s) = 2*s**3 + 47*s**2 + 80*s - 531. What is v(-21)?
-6
Let k(l) = 10*l**3 + l**2 + 3*l - 1. Calculate k(1).
13
Let l(z) = 3*z**3 + 112*z**2 + 44*z + 48. Calculate l(-37).
-211
Let h(x) = -27*x**2 + 101*x + 27. Determine h(4).
-1
Let x(y) = 4*y**3 - 15*y**2 + 10*y. Determine x(3).
3
Let w(m) = -341*m + 6072. Calculate w(18).
-66
Let a(t) = -63*t - 529. Determine a(-12).
227
Let k(a) = -a**2 + 59*a - 624. Calculate k(45).
6
Let t(d) = d**3 - 9*d**2 - 3*d + 22. Determine t(9).
-5
Let s(k) = 38*k**3 + 8*k**2 + 18*k - 2. Determine s(-2).
-310
Let j(p) = -p**3 + 3*p**2 - 12*p + 8. Calculate j(5).
-102
Let n(a) = -a**2 - 53*a - 641. Give n(-18).
-11
Let c(v) = -v**3 + 3*v**2 + 244*v - 1171. Determine c(5).
-1
Let g(w) = -w**3 + 16*w**2 - 51*w - 22. What is g(9)?
86
Let w(h) = 2*h**2 - 10*h + 8. Determine w(2).
-4
Let q(c) = -3*c**3 + 2*c**2 + 28*c - 21. Give q(-3).
-6
Let q(u) = -643*u + 3256. Calculate q(5).
41
Let o(i) = i**2 + 17*i - 113. Calculate o(-21).
-29
Let z(w) = -2*w**2 - 92*w - 1028. Determine z(-26).
12
Let a(l) = 93*l + 8552. Calculate a(-92).
-4
Let a(o) = 14*o + 201. Determine a(-9).
75
Let m(u) = -u**3 - 94*u**2 + 97*u + 269. Calculate m(-95).
79
Let s(o) = 2*o**2 - 395*o + 3028. Determine s(8).
-4
Let p(s) = s**3 + 9*s**2 + 6*s - 5. Calculate p(-9).
-59
Let o(p) = -80*p + 541. Calculate o(7).
-19
Let l(p) = 2*p**2 - 7*p + 2. What is l(4)?
6
Let m(k) = -3*k**3 + 57*k**2 + 448*k + 55. Calculate m(25).
5
Let i(n) = -249*n**2 + 9*n + 2. Calculate i(-1).
-256
Let f(s) = -s**3 + 35*s**2 + 14*s - 303. Determine f(35).
187
Let k(h) = -2*h**3 - 120*h**2 + 249*h + 71. Determine k(-62).
9
Let d(b) = -29*b + 580. Give d(26).
-174
Let n(t) = -528*t - 2110. Calculate n(-4).
2
Let c(b) = -10*b**2 + 30*b + 17. What is c(5)?
-83
Let l(m) = -3*m**3 + 94*m**2 - 33*m + 61. Give l(31).
-1
Let o(g) = -g**3 + 164*g**2 + 336*g - 661. What is o(166)?
3
Let n(l) = 3284*l - 16426. Determine n(5).
-6
Let z(l) = l**3 - 38*l**2 + 108*l - 98. Calculate z(35).
7
Let z(w) = w**3 - 2*w**2 - 5*w - 60. Calculate z(0).
-60
Let d(a) = 3*a**2 - 350*a + 8569. Calculate d(35).
-6
Let c(v) = 53*v**2 - 66*v + 13. Determine c(1).
0
Let l(b) = 42*b - 963. Determine l(22).
-39
Let x(t) = -t**2 - 44*t - 57. Give x(-43).
-14
Let d(z) = -z**3 - 64*z**2 - 49*z - 3153. Calculate d(-64).
-17
Let b(z) = 2*z**3 - 42*z**2 - 406*z - 34. Give b(-7).
64
Let w(f) = -14*f**2 + 208*f + 421. Calculate w(-2).
-51
Let i(r) = 10*r**2 - 20*r - 221. What is i(-6)?
259
Let k(w) = 72*w**2 + 53*w - 14. Calculate k(-1).
5
Let v(m) = 12*m + 4. Calculate v(13).
160
Let p(a) = a**2 + 31*a + 222. Give p(-17).
-16
Let v(r) = -28*r - 71. Give v(-6).
97
Let m(y) = 38*y - 80. Calculate m(8).
224
Let c(s) = 38*s - 512. Determine c(14).
20
Let a(h) = h**2 + 20*h + 81. Calculate a(-13).
-10
Let w(j) = -2*j**3 + 69*j**2 + 347*j + 148. Calculate w(39).
-8
Let i(r) = -r**3 + 7*r**2 - 43. Determine i(6).
-7
Let y(j) = -198*j - 5340. Give y(-27).
6
Let q(d) = 71*d + 207. Calculate q(-3).
-6
Let u(k) = -k**3 + 11*k**2 + 40*k - 1. What is u(-4)?
79
Let b(a) = 14*a**2 - 81*a - 17. Determine b(7).
102
Let z(f) = 75*f - 1432. Calculate z(19).
-7
Let v(u) = -9*u + 262. Determine v(27).
19
Let m(s) = 3*s**2 - 72*s + 29. What is m(24)?
29
Let y(s) = 734*s + 102753. Calculate y(-140).
-7
Let u(f) = -f**3 + 20*f**2 - 6*f + 124. Give u(20).
4
Let v(i) = -25*i**2 + 651*i + 78. Determine v(26).
104
Let x(l) = -30*l + 176. Give x(8).
-64
Let a(d) = -38*d**2 + 19*d + 4. Determine a(-1).
-53
Let c(h) = h**3 - 7*h**2 + 6*h - 35. Calculate c(7).
7
Let j(c) = 120*c + 4087. Determine j(-34).
7
Let p(g) = -g**3 - 162*g**2 + 664*g - 2. Give p(4).
-2
Let c(p) = p**3 - 10*p**2 - 52*p - 50. Determine c(14).
6
Let i(f) = f**2 - 89*f + 1437. Give i(67).
-37
Let w(u) = 106*u**2 - 42*u + 82. What is w(2)?
422
Let l(d) = 266*d + 22882. Give l(-86).
6
Let y(l) = -57408*l - 344447. Calculate y(-6).
1
Let m(z) = 334*z - 276. What is m(1)?
58
Let q(f) = -7*f**2 - f - 7. Calculate q(2).
-37
Let r(d) = -d**2 - 45*d - 314. What is r(-9)?
10
Let q(o) = -242*o + 8. What is q(-1)?
250
Let y(w) = -w**2 + 18*w + 52. Calculate y(23).
-63
Let p(c) = 976*c + 43909. Calculate p(-45).
-11
Let u(q) = -q**3 - 6*q**2 + 10*q - 5. What is u(1)?
-2
Let a(i) = i**3 + 30*i**2 + 24*i + 741. Give a(-30).
21
Let r(u) = -25*u**2 + 101*u + 310. Calculate r(-3).
-218
Let a(r) = 41*r - 450. Give a(11).
1
Let a(w) = 60*w**2 + 118*w + 12. Determine a(-2).
16
Let d(m) = -6*m**3 - 242*m**2 - 76*m + 192. Calculate d(-40).
32
Let u(o) = 883*o - 7. Give u(0).
-7
Let x(j) = -j**3 + 22*j**2 - 53*j + 20. Give x(19).
96
Let c(a) = -2*a**3 + 11*a**2 - 464*a + 2301. Determine c(5).
6
Let f(z) = z**2 + 37*z + 202. Give f(-33).
70
Let g(s) = -545*s - 3821. Calculate g(-7).
-6
Let c(j) = j**3 - 22*j**2 - 11*j + 2. What is c(0)?
2
Let y(h) = -4*h**3 - 34*h**2 - 66*h + 11. Give y(-6).
47
Let h(i) = 66*i**2 - 1981*i + 60. Calculate h(30).
30
Let t(r) = -14*r + 1209. Calculate t(76).
145
Let b(q) = q**3 - 12*q**2 - 103*q + 1172. Determine b(13).
2
Let q(n) = n**3 - 10*n**2 + 28*n - 41. Calculate q(7).
8
Let s(d) = 21*d**2 - 8*d - 35. Determine s(-2).
65
Let t(h) = 137*h - 634. Calculate t(5).
51
Let z(s) = -179*s - 14885. Calculate z(-82).
-207
Let t(q) = q**2 - 28*q - 1025. Calculate t(-21).
4
Let l(c) = c**3 + 6*c**2 + c + 29. What is l(0)?
29
Let s(g) = 2*g**2 + 184*g - 2213. Determine s(11).
53
Let v(k) = k**3 + 3*k**2 - 161*k + 82. Calculate v(11).
5
Let l(u) = -13*u + 2807. Determine l(212).
51
Let s(q) = 105*q + 7782. Give s(-74).
12
Let m(c) = -583*c + 5968. Calculate m(10).
138
Let l(m) = 68*m + 2264. Calculate l(-33).
20
Let y(l) = -l**3 + 5*l**2 + 3*l + 49. What is y(6)?
31
Let x(h) = -27*h**3 + 3*h**2 - 3*h - 1. Calculate x(1).
-28
Let m(i) = -263*i + 182. Give m(0).
182
Let z(x) = 5615*x - 78611. Calculate z(14).
-1
Let a(p) = 196*p - 1589. What is a(8)?
-21
Let g(l) = -12*l**2 - 61*l + 3204. Give g(14).
-2
Let s(c) = 3*c**2 + 69*c + 16. Give s(-15).
-344
Let q(t) = 84*t + 809. What is q(-10)?
-31
Let w(h) = -h**2 + 46*h + 637. What is w(57)?
10
Let y(p) = -372*p - 1295. Calculate y(-6).
937
Let d(x) = -61*x**2 + 2010*x + 80. Give d(33).
-19
Let r(z) = -47*z + 1523. Determine r(33).
-28
Let s(w) = w**3 + 5*w**2 - 132*w - 60. Calculate s(-14).
24
Let k(w) = 164*w + 16084. Calculate k(-98).
12
Let u(l) = -l**3 + 40*l**2 + 91*l - 206. Give u(42).
88
Let u(m) = -m**3 + 6*m**2 + m + 106. What is u(0)?
106
Let d(x) = -11*x**2 - 226*x - 13. Give d(-20).
107
Let q(a) = -a**3 - 56*a**2 + 117*a + 23. Calculate q(-58).
-35
Let f(u) = -91*u - 516. Calculate f(-5).
-61
Let s(d) = d**3 + 25*d**2 - 443*d + 44. Give s(-37).
7
Let g(i) = 3*i**2 + 133*i - 1059. Calculate g(-51).
-39
Let t(a) = 14*a**2 - 7*a - 62. Calculate t(-5).
323
Let v(x) = 315*x + 3748. Calculate v(-11).
283
Let o(a) = 2*a**2 - 85*a + 503. Give o(7).
6
Let d(n) = 4*n - 59. What is d(5)?
-39
Let f(o) = -10*o - 555. What is f(-62)?
65
Let f(w) = 24*w**3 + 3*w**2 + 21*w + 30. Determine f(-2).
-192
Let r(w) = -w**3 + 26*w**2 - 79*w - 152. Calculate r(23).
-382
Let r(i) = -22*i + 1636. Give r(59).
338
Let b(a) = 4*a**3 + 59*a**2 - 19*a + 48. Give b(-15).
108
Let q(z) = z + 118. Determine q(16).
134
Let n(x) = 13*x**3 - 326*x**2 + 29*x - 102. Determine n(25).
-2
Let y(b) = 17*b - 57. Determine y(5).
28
Let a(d) = -33*d - 1539. Give a(-46).
-21
Let b(n) = n**3 - 18*n**2 - 11*n - 107. What is b(19)?
45